{"id":3,"date":"2026-04-12T10:50:43","date_gmt":"2026-04-12T10:50:43","guid":{"rendered":"https:\/\/awesomelovecreation.de\/?page_id=3"},"modified":"2026-04-14T23:09:44","modified_gmt":"2026-04-14T23:09:44","slug":"privacy-policy","status":"publish","type":"page","link":"https:\/\/www.awesomelovecreation.de\/?page_id=3","title":{"rendered":"Impressum"},"content":{"rendered":"\t\t<div data-elementor-type=\"wp-page\" data-elementor-id=\"3\" class=\"elementor elementor-3\" data-elementor-post-type=\"page\">\n\t\t\t\t<div class=\"elementor-element elementor-element-2ab79f55 e-flex e-con-boxed e-con e-parent\" data-id=\"2ab79f55\" data-element_type=\"container\" data-e-type=\"container\" data-settings=\"{&quot;background_background&quot;:&quot;classic&quot;}\">\n\t\t\t\t\t<div class=\"e-con-inner\">\n\t\t\t\t<div class=\"elementor-element elementor-element-5621f395 elementor-widget elementor-widget-text-editor\" data-id=\"5621f395\" data-element_type=\"widget\" data-e-type=\"widget\" data-widget_type=\"text-editor.default\">\n\t\t\t\t\t\t\t\t\t<h1><strong>Angaben gem\u00e4\u00df \u00a7 5 Telemediengesetz (TMG)<\/strong><\/h1>\n<p><br \/>Frey Freya GmbH<br \/>Kurf\u00fcrstenstra\u00dfe 5<br \/>14467 Potsdam<br \/>Deutschland<\/p>\n<p><br \/>Telefon: +49 171 4213103<br \/>E-Mail: hi@awesomelovecreation.de<br \/>Website: awesomelovecreation.de<\/p>\n<h1><br \/><strong>Vertreten durch die Gesch\u00e4ftsf\u00fchrer:<\/strong><\/h1>\n<pre>Stefan Kohl<br \/>Lisa Kohl<\/pre>\n<p>Handelsregister<br \/>Registergericht: Amtsgericht Potsdam<br \/>Registernummer: HRB 34149 P<\/p>\n<p>Umsatzsteuer-ID<br \/>Umsatzsteuer-Identifikationsnummer gem\u00e4\u00df \u00a727a UStG:<br \/>DE334557039<\/p>\n<p>Markenhinweis<br \/>Die Marke Awesome Love Creation ist ein Angebot der Frey Freya GmbH.<br \/>Alle auf dieser Website angebotenen Leistungen werden im Namen der Frey Freya GmbH erbracht.<\/p>\n<h1>Verantwortlich f\u00fcr den Inhalt nach \u00a7 18 Abs. 2 Medienstaatsvertrag<\/h1>\n<pre>Stefan Kohl<br \/>Kurf\u00fcrstenstra\u00dfe 5<br \/>14467 Potsdam<br \/>Deutschland<\/pre>\n<p>EU-Streitschlichtung<br \/>Die Europ\u00e4ische Kommission stellt eine Plattform zur Online-Streitbeilegung (OS) bereit:<br \/>https:\/\/ec.europa.eu\/consumers\/odr\/<br \/>Unsere E-Mail-Adresse finden Sie oben im Impressum.<\/p>\n<p>Verbraucherstreitbeilegung<br \/>Wir sind nicht verpflichtet und nicht bereit, an Streitbeilegungsverfahren vor einer Verbraucherschlichtungsstelle teilzunehmen.<\/p>\n<p>Haftung f\u00fcr Inhalte<br \/>Als Diensteanbieter sind wir gem\u00e4\u00df \u00a7 7 Abs.1 TMG f\u00fcr eigene Inhalte auf diesen Seiten nach den allgemeinen Gesetzen verantwortlich.<br \/>Nach \u00a7\u00a7 8 bis 10 TMG sind wir als Diensteanbieter jedoch nicht verpflichtet, \u00fcbermittelte oder gespeicherte fremde Informationen zu \u00fcberwachen.<\/p>\n<p>Haftung f\u00fcr Links<br \/>Unsere Website enth\u00e4lt Links zu externen Websites Dritter, auf deren Inhalte wir keinen Einfluss haben.<br \/>Deshalb k\u00f6nnen wir f\u00fcr diese fremden Inhalte auch keine Gew\u00e4hr \u00fcbernehmen.<\/p>\n<p>Urheberrecht<br \/>Die durch die Seitenbetreiber erstellten Inhalte und Werke auf diesen Seiten unterliegen dem deutschen Urheberrecht.<\/p>\n<p>Hinweis zu Coaching und Workshops<br \/>Die angebotenen Coachings, Workshops und Inhalte dienen der pers\u00f6nlichen Weiterentwicklung und ersetzen keine medizinische, psychotherapeutische oder rechtliche Beratung.<\/p>\t\t\t\t\t\t\t\t<\/div>\n\t\t\t\t\t<\/div>\n\t\t\t\t<\/div>\n\t\t\t\t<\/div>\n\t\t","protected":false},"excerpt":{"rendered":"<p>Angaben gem\u00e4\u00df \u00a7 5 Telemediengesetz (TMG) Frey Freya GmbHKurf\u00fcrstenstra\u00dfe 514467 PotsdamDeutschland Telefon: +49 171 4213103E-Mail: hi@awesomelovecreation.deWebsite: awesomelovecreation.de Vertreten durch die Gesch\u00e4ftsf\u00fchrer: Stefan KohlLisa Kohl HandelsregisterRegistergericht: Amtsgericht PotsdamRegisternummer: HRB 34149 P Umsatzsteuer-IDUmsatzsteuer-Identifikationsnummer gem\u00e4\u00df \u00a727a UStG:DE334557039 MarkenhinweisDie Marke Awesome Love Creation ist ein Angebot der Frey Freya GmbH.Alle auf dieser Website angebotenen Leistungen werden im Namen der [&hellip;]<\/p>\n","protected":false},"author":1,"featured_media":0,"parent":0,"menu_order":0,"comment_status":"closed","ping_status":"open","template":"elementor_header_footer","meta":{"footnotes":""},"class_list":["post-3","page","type-page","status-publish","hentry"],"_links":{"self":[{"href":"https:\/\/www.awesomelovecreation.de\/index.php?rest_route=\/wp\/v2\/pages\/3","targetHints":{"allow":["GET"]}}],"collection":[{"href":"https:\/\/www.awesomelovecreation.de\/index.php?rest_route=\/wp\/v2\/pages"}],"about":[{"href":"https:\/\/www.awesomelovecreation.de\/index.php?rest_route=\/wp\/v2\/types\/page"}],"author":[{"embeddable":true,"href":"https:\/\/www.awesomelovecreation.de\/index.php?rest_route=\/wp\/v2\/users\/1"}],"replies":[{"embeddable":true,"href":"https:\/\/www.awesomelovecreation.de\/index.php?rest_route=%2Fwp%2Fv2%2Fcomments&post=3"}],"version-history":[{"count":20,"href":"https:\/\/www.awesomelovecreation.de\/index.php?rest_route=\/wp\/v2\/pages\/3\/revisions"}],"predecessor-version":[{"id":434,"href":"https:\/\/www.awesomelovecreation.de\/index.php?rest_route=\/wp\/v2\/pages\/3\/revisions\/434"}],"wp:attachment":[{"href":"https:\/\/www.awesomelovecreation.de\/index.php?rest_route=%2Fwp%2Fv2%2Fmedia&parent=3"}],"curies":[{"name":"wp","href":"https:\/\/api.w.org\/{rel}","templated":true}]}}